= p**2 + 4*p - 14. Let w(y) = k*m(y) - 6*j(y). Give w(5).
3
Let y(h) be the third derivative of h**6/40 - h**4/24 - h**3/6 + h**2. Let v be y(-1). Let o(j) = 2*j - 2 + 2. What is o(v)?
-6
Suppose -5*g + 14 = z, -z + g + 0 + 2 = 0. Let s(j) be the first derivative of -j**2/2 - 3*j - 1. Determine s(z).
-7
Let b(o) be the third derivative of o**7/5040 + o**6/80 + o**5/12 + 5*o**2. Let c(w) be the third derivative of b(w). Calculate c(-6).
3
Let f(d) = -d - 4. Let o be (-1)/(-4) + (-50)/8. Let b be f(o). Let l(m) = 2*m**2 + 0*m**2 - 4*m**2 + 2. Calculate l(b).
-6
Let d(u) = -3*u**3 + 2*u**2 + 2*u + 3. Let s(i) = 10*i**3 - 6*i**2 - 5*i - 9. Let y(g) = -7*d(g) - 2*s(g). Calculate y(4).
13
Let l(b) = 3*b + 2. Suppose 3*h - 3 = 0, 3*r - 6*h - 4 = -h. Calculate l(r).
11
Let k(d) = -d + 8*d + d. Determine k(-3).
-24
Let j(t) = -2*t**3 + 3*t**2 + 1. Suppose -7*r = -2*r - 15. What is j(r)?
-26
Let s(q) = 6*q**3 + q**2 - q - 1. Let h be (3 + -1)*3 + -1. Let t = 7 - h. Let m be -1 - (2 - 4) - t. Calculate s(m).
-5
Let c = -17 + 11. Let o be 3*(-2)/c*5. Suppose -2*v = -o*v. Let x(w) = -w**2 + w + 3. What is x(v)?
3
Let v(x) = -x**2 + 2*x - 1. Let a(b) = -b**3 - 3*b**2 - 5*b - 2. Let d be a(-3). Let l = d + -7. Let o(p) = p - 5. Let n be o(l). Calculate v(n).
0
Suppose o = 4*l + l + 11, l + 5*o - 3 = 0. Let p(x) = 1 + x**3 - 2*x**2 - 2*x**3 + 0*x**3. Determine p(l).
1
Let o(c) = c**2 + 6*c + 1. Suppose 22 = -4*r + 2. Give o(r).
-4
Let u(g) = 5*g**2 + 1. Let k(x) = -x**3 + x**2 + 2*x + 1. Let o be k(-1). Calculate u(o).
6
Let s(f) be the third derivative of -f**5/120 - f**4/8 + f**3/3 - 5*f**2. Let l(o) be the first derivative of s(o). Calculate l(-3).
0
Let d(m) = -2*m**3 - m**2 + m + 1. Let f be (-3)/(1/7*-3). Let n(r) = -r**2 + 6*r + 6. Let w be n(f). Determine d(w).
1
Let w(f) be the third derivative of -1/3*f**3 + 3*f**2 + 0*f + 0 - 1/24*f**4. What is w(-3)?
1
Let t be ((-6)/4)/((-3)/20). Suppose 0 = -2*s - 0*s - t. Let b(n) = 3*n + 5. Calculate b(s).
-10
Let g(p) = p**3 + 4*p**2 + p + 2. Suppose -6*s - 1 = 17. Give g(s).
8
Let r be (0 - -6) + (-21)/7. Let v(b) = -b**2 - 5*b + 6. Let l be v(-5). Let a(t) = -5*t**2 + 10*t**2 - t - l*t**3 - 1 + 5*t**r. Calculate a(5).
-6
Let m(p) = -7*p**2 - p + 1. Suppose 3*a = 3*d + 6 - 0, 3*d = 5*a - 16. Suppose d*o - 1 = 2. What is m(o)?
-7
Let q(v) be the third derivative of 1/120*v**6 + 0*v**3 + 0*v + 0 + 1/24*v**4 + v**2 + 1/40*v**5. Let l(m) be the second derivative of q(m). Determine l(-2).
-9
Let o = -4 + 7. Suppose -5*q + 15 = -o*x, -q = 3*q + x + 5. Suppose q = -0*v + 4*v + 4. Let j(d) = 3*d**2 - 2*d - 1. Calculate j(v).
4
Suppose 2*n = -4*v - 24, 5 = -n + 3. Let i(r) = -r**2 - 6*r - 2. What is i(v)?
3
Let l be (16/20)/(8/(-60)). Let n(r) be the first derivative of -r**2 - 9*r - 1. What is n(l)?
3
Let u(p) = -9*p - 1. Suppose 2*n - 3 = 3. Suppose -4*c = -4*o + 12, -2*c + n = -o + 5. What is u(c)?
-10
Let p = -29 - -29. Let f(y) = y**3 + y**2 - y + 13. Calculate f(p).
13
Let f(c) = -c**3 + 4*c**2 + 5*c - 2. Let g(z) = 2*z + 15. Let j be g(-5). Determine f(j).
-2
Let p(b) be the second derivative of -1/6*b**4 + 0*b**3 - 3/10*b**5 + 1/2*b**2 + 0 - b. Determine p(-1).
5
Let v(c) = c - 1. Suppose -2*l + 2*a = 4, -2*l - 5*a - 1 = -4. Let s(u) = -u**2 + 2*u + 2. Let r(m) = l*s(m) + 6*v(m). Determine r(-6).
4
Let t = -3 - -1. Let k(l) = l + 6. Let w be k(-5). Let a(v) = v**3 + w + v + 1 + 4*v**2 - v**2. Calculate a(t).
4
Let h(g) = -g. Suppose 6*t + 20 = 10*t. Determine h(t).
-5
Let d(v) = 6*v - 4. Let y be d(3). Suppose -3*g + 8 = -0*g + 2*t, t + y = 3*g. Let h(w) = 2*w + 4*w + 3 - w**2 - w. Give h(g).
7
Let o(a) = -9*a + 11. Let s(p) = -5*p + 5. Let q(m) = -3*o(m) + 5*s(m). Suppose -2*d = -5 - 7. Calculate q(d).
4
Let s be (3/4)/(6/24). Let f(w) = -w**3 + 4*w**2 - w - 2. What is f(s)?
4
Let t(z) = -z**2 + z + 1. Let k = 4 + -3. Let q(i) = -3*i**2 + 10*i + 9. Let l(j) = k*q(j) - 4*t(j). Let f(u) = 5*u**3 + u**2 - 1. Let v be f(-1). Give l(v).
0
Let v(q) = -q - q + 9*q**2 - 12*q**2 + 4 + q**3. Give v(3).
-2
Let s(m) = -5*m**3 - 5*m - 1. Let y(o) = -6*o**3 - o**2 - 6*o - 2. Let d(u) = 4*s(u) - 3*y(u). Calculate d(2).
-6
Suppose -3*d = 4*u - 8, 32 = -5*d + 5*u - 13. Let a(v) = v - 1. Let p(j) = 2*j - 1. Let g(x) = d*a(x) + 3*p(x). Give g(-1).
-1
Let z(m) be the third derivative of -1/12*m**4 - 1/10*m**5 + 0 - m**2 + 0*m - 1/120*m**6 - 4/3*m**3. What is z(-6)?
4
Let n = -4 - -14. Let i(f) = -4*f**3 + 2 + n*f**3 - f - 7*f**3 - f**2. Give i(-2).
8
Suppose -6 = -z - z. Suppose -2*y = l - 7*y - 9, -z*y + 5 = 2*l. Let n(m) be the first derivative of m**2 + 2*m + 15. Determine n(l).
10
Let f(i) = -40*i. Let d be f(-4). Let a(v) = -v**3 - 5*v**2 + 160*v + 5 - d*v. What is a(-4)?
-11
Let r(t) = 12 - 20 + 5*t - t**2 + 14. Calculate r(6).
0
Let j be ((-2)/(-4))/(2/(-4)). Let h(w) = w - 1. Give h(j).
-2
Suppose 4*k + 0*r + 16 = 2*r, -5*k - 5*r = -10. Let i(l) = -l**3 + 2*l + 3. Give i(k).
7
Let u(t) = -2 + t**3 - 2 - t - 3*t + 5*t**2 - 1. Give u(-6).
-17
Let b(c) = c**3 + 2*c**2 - 6*c - 7. Let x be b(-3). Let z(j) = -5*j**2 - j - 1. Calculate z(x).
-23
Let j(b) be the second derivative of 0 + 3*b**2 - 1/2*b**3 + 3*b - 1/12*b**4. Give j(-5).
-4
Let a be 5/(-2) - 9/6. Let r(o) = o**2 + 4*o + 4. What is r(a)?
4
Let k(c) = 2*c**2 - 9*c + 5. Let j(r) = 3*r**2 - 14*r + 8. Let h(i) = 5*j(i) - 8*k(i). Let t be (-2)/7 + (-188)/28. Let x = -5 - t. What is h(x)?
0
Let l(r) = -3*r**2 + 5*r + 4. Let a(q) = q**2 - 2*q - 2. Let b(s) = 5*a(s) + 2*l(s). Suppose 4*m = 12, -1 = o - 5*m + 4*m. Determine b(o).
-6
Let g(h) be the second derivative of -h**5/20 - h**4/2 + h**3/2 + h**2/2 + 24*h. Determine g(-6).
-17
Let w(x) = -x + 8. Let l be w(6). Let q(o) = -2*o**2 - 3 + 4*o**2 + 3*o - 4091*o**3 + 4090*o**3. Determine q(l).
3
Let p(k) be the third derivative of k**6/120 + k**5/15 - k**4/6 + 7*k**3/6 - 4*k**2. Let j(c) = c. Let q be j(2). Let o = q - 7. Calculate p(o).
2
Suppose -12 = 117*l - 123*l. Let t(q) be the second derivative of -5/2*q**l + 2*q - 1/20*q**5 + 0*q**4 - 1/6*q**3 + 0. Determine t(0).
-5
Suppose -9*f + 6*f - 3*j = -9, 4*j = 2*f + 24. Let v(c) be the first derivative of -c**2 + 2*c - 1. Calculate v(f).
6
Let t(n) be the first derivative of n**4/4 + n**3/3 + 5*n + 6. Determine t(0).
5
Let r(p) = p**2 + 12*p + 11. Suppose -3*g - 16 = 8. What is r(g)?
-21
Let q(h) be the third derivative of h**5/60 + h**4/24 + h**3 - 17*h**2. Determine q(0).
6
Let w(p) = p**3 - 3*p**2 + 3*p. Let j = 4 - 3. Suppose -o = -2 - j. Suppose -o*q = -5*q - 2*b + 8, q = -3*b + 8. Determine w(q).
2
Let v(a) = 2*a**3 - 2*a + 1. Suppose -5 = 2*n + 4*d + 3, 0 = 2*d + 2. Determine v(n).
-11
Let v(k) = -3*k**3 + 4*k**2 + 7*k + 6. Let o(n) = -3*n**3 + 3*n**2 + 6*n + 5. Let z(s) = 6*o(s) - 5*v(s). What is z(1)?
-4
Let l = 6 + -10. Let a = l + 4. Let x(o) = a*o - 8 - o + 2*o**2 - 3*o**2 - o**3. What is x(0)?
-8
Let l(a) = -a**2 + 2*a + 1. Let x be (-220)/(-100) + 8/10. Determine l(x).
-2
Let i(l) = -3*l + 21. Let r be i(9). Let o(x) be the third derivative of -x**4/24 - x**3/3 + 4*x**2. What is o(r)?
4
Let c(u) be the third derivative of u**5/60 - u**4/6 - 5*u**3/6 + 14*u**2. Give c(4).
-5
Let n(o) be the first derivative of -2/3*o**3 - 3/2*o**2 + 4 - o - 1/4*o**4. What is n(-2)?
5
Let d(i) = 6*i**2 + 2*i + 3. Let y(n) = -7*n**2 - n - 3. Let b(q) = 6*d(q) + 5*y(q). Calculate b(-6).
-3
Let r(l) = -l**3 + l**2 - l + 3. Let p(a) = -a**3 + 2*a**2 - a + 2. Let n(z) = -2*p(z) + 3*r(z). What is n(0)?
5
Let m(o) be the second derivative of o**4/12 + o**3 + o**2 + 15*o. Calculate m(-5).
-3
Suppose -4*v + 4*g + 24 = 0, -3*g = 3*v - g - 13. Let c(t) be the second derivative of 3*t + 0*t**3 - 5/12*t**4 - 1/2*t**2 + 0 + 1/20*t**5. What is c(v)?
-1
Let a(w) be the third derivative of 0 + 1/120*w**6 + 7/24*w**4 + 0*w - 5*w**2 - 3/2*w**3 - 7/60*w**5. Calculate a(6).
-3
Suppose 2*l = 3*f - 8, -6 = -2*l - 2*l - 5*f. Let i(s) = -13*s**3 - 2*s - 1. Calculate i(l).
14
Suppose -p + 2 + 2 = 0. Let x(t) = t**3 - 4*t**2 - 2*t + 4. Give x(p).
-4
Let c(k) = -2*k**2 - k - 23. Let i(o) = o**2 + o + 0*o**2 - 2 + 14. Let f(p) = 6*c(p) + 11*i(p). Suppose 53 = 4*q + 33. Determine f(q).
-6
Let w(j) = 3*j - j**2 - 2 - j - 4*j. Let q be w(-3). Let c(l) = -l**2 - 7*l - 7. Calculate c(q).
3
Let t(h) = h + 6